{"id":19,"date":"2023-04-19T10:36:33","date_gmt":"2023-04-19T08:36:33","guid":{"rendered":"https:\/\/miody-huzar.pl\/sklep\/?post_type=product&#038;p=19"},"modified":"2025-11-03T11:23:59","modified_gmt":"2025-11-03T10:23:59","slug":"miod-nektarowy-wielokwiatowy-400-g","status":"publish","type":"product","link":"https:\/\/miody-huzar.pl\/sklep\/produkt\/miod-nektarowy-wielokwiatowy-400-g\/","title":{"rendered":"Mi\u00f3d polski wielokwiatowy 400g"},"content":{"rendered":"<h3 style=\"text-align: left;\"><img loading=\"lazy\" decoding=\"async\" class=\"alignleft wp-image-857 size-medium\" src=\"https:\/\/miody-huzar.pl\/sklep\/wp-content\/uploads\/2023\/04\/Miody-Polskie-wielokwiatowy-400-3-1-240x300.jpg\" alt=\"\" width=\"240\" height=\"300\" \/>Mi\u00f3d nektarowy wielokwiatowy<\/h3>\n<p style=\"text-align: left;\"><strong>Masa netto:<\/strong>\u00a0400 g<\/p>\n<p style=\"text-align: left;\"><strong>Kraj pochodzenia:<\/strong>\u00a0Polska<\/p>\n<p style=\"text-align: left;\">Przechowywa\u0107 w suchym i ch\u0142odnym miejscu.<br \/>\nUlega naturalnej krystalizacji.<\/p>\n<p style=\"text-align: left;\">Producent:\u00a0Huzar sp. z o.o. ul. Tarnowska 161 33-300 Nowy S\u0105cz<\/p>\n<h3 style=\"text-align: left;\"><img loading=\"lazy\" decoding=\"async\" class=\"size-medium wp-image-834 aligncenter\" style=\"font-size: 16px; text-align: start;\" src=\"https:\/\/miody-huzar.pl\/sklep\/wp-content\/uploads\/2024\/03\/tabela-wartosci-Miod-Wielokwiatowy-300x254.jpg\" alt=\"\" width=\"300\" height=\"254\" srcset=\"https:\/\/miody-huzar.pl\/sklep\/wp-content\/uploads\/2024\/03\/tabela-wartosci-Miod-Wielokwiatowy-300x254.jpg 300w, https:\/\/miody-huzar.pl\/sklep\/wp-content\/uploads\/2024\/03\/tabela-wartosci-Miod-Wielokwiatowy-1024x866.jpg 1024w, https:\/\/miody-huzar.pl\/sklep\/wp-content\/uploads\/2024\/03\/tabela-wartosci-Miod-Wielokwiatowy-768x650.jpg 768w, https:\/\/miody-huzar.pl\/sklep\/wp-content\/uploads\/2024\/03\/tabela-wartosci-Miod-Wielokwiatowy-324x274.jpg 324w, https:\/\/miody-huzar.pl\/sklep\/wp-content\/uploads\/2024\/03\/tabela-wartosci-Miod-Wielokwiatowy-416x352.jpg 416w, https:\/\/miody-huzar.pl\/sklep\/wp-content\/uploads\/2024\/03\/tabela-wartosci-Miod-Wielokwiatowy.jpg 1303w\" sizes=\"auto, (max-width: 300px) 100vw, 300px\" \/><\/h3>\n<p>&nbsp;<\/p>\n<p>&nbsp;<\/p>\n","protected":false},"excerpt":{"rendered":"<p>Mi\u00f3d wielokwiatowy to ponadczasowy klasyk. Wsz\u0119dzie rozpoznasz ten wyrazisty smak, kwiatowy aromat i bursztynowo z\u0142ot\u0105 barw\u0119. Jego najwi\u0119kszym atutem jest sk\u0142ad. Pozyskiwany jest z nektaru wielu gatunk\u00f3w ro\u015blin, a ka\u017cda z nich wzbogaca jego smak i dzia\u0142anie. Kwiaty, takie jak lipa, akacja, rumianek, wrzos czy facelia, wnosz\u0105 do niego swoje indywidualne w\u0142a\u015bciwo\u015bci i nuty smakowe. W\u0142a\u015bnie dlatego mi\u00f3d wielokwiatowy\u00a0 tak dobrze smakuje. Tradycyjnie polecany w stanach os\u0142abienia odporno\u015bci i nadmiernego napi\u0119cia nerwowego. Polecany w sezonie wzmo\u017conej zachorowalno\u015bci na przezi\u0119bienie i gryp\u0119.\u00a0 <a href=\"https:\/\/miody-huzar.pl\/miod-wielokwiatowy\/\">Po wi\u0119cej informacji o miodzie wielokwiatowym zapraszamy na nasz blog<\/a><\/p>\n<p>Seria: Miody Polskie to miody pochodz\u0105ce wy\u0142\u0105cznie z pasiek zlokalizowanych na terenie Polski.<\/p>\n<p>Pojemno\u015b\u0107 s\u0142oiczka: 400 g<\/p>\n<p>&nbsp;<\/p>\n","protected":false},"featured_media":1018,"template":"","meta":{"_acf_changed":false},"product_brand":[],"product_cat":[16,31,33],"product_tag":[],"class_list":{"0":"post-19","1":"product","2":"type-product","3":"status-publish","4":"has-post-thumbnail","6":"product_cat-miody-polskie","7":"product_cat-miody","8":"product_cat-bestsellery","9":"pif-has-gallery","11":"first","12":"instock","13":"shipping-taxable","14":"purchasable","15":"product-type-simple"},"acf":[],"yoast_head":"<!-- This site is optimized with the Yoast SEO plugin v24.8.1 - https:\/\/yoast.com\/wordpress\/plugins\/seo\/ -->\n<title>Mi\u00f3d polski wielokwiatowy 400g - Sklep Miody Huzar<\/title>\n<meta name=\"description\" content=\"Mi\u00f3d wielokwiatowy 400 g to ponadczasowy klasyk i ulubiony mi\u00f3d Polak\u00f3w. Wyr\u00f3\u017cnia go wyrazisty smak, kwiatowy aromat i z\u0142ota barwa.\" \/>\n<meta name=\"robots\" content=\"index, follow, max-snippet:-1, max-image-preview:large, max-video-preview:-1\" \/>\n<link rel=\"canonical\" href=\"https:\/\/miody-huzar.pl\/sklep\/produkt\/miod-nektarowy-wielokwiatowy-400-g\/\" \/>\n<meta property=\"og:locale\" content=\"pl_PL\" \/>\n<meta property=\"og:type\" content=\"article\" \/>\n<meta property=\"og:title\" content=\"Mi\u00f3d polski wielokwiatowy 400g - Sklep Miody Huzar\" \/>\n<meta property=\"og:description\" content=\"Mi\u00f3d wielokwiatowy 400 g to ponadczasowy klasyk i ulubiony mi\u00f3d Polak\u00f3w. Wyr\u00f3\u017cnia go wyrazisty smak, kwiatowy aromat i z\u0142ota barwa.\" \/>\n<meta property=\"og:url\" content=\"https:\/\/miody-huzar.pl\/sklep\/produkt\/miod-nektarowy-wielokwiatowy-400-g\/\" \/>\n<meta property=\"og:site_name\" content=\"Sklep Miody Huzar\" \/>\n<meta property=\"article:publisher\" content=\"https:\/\/www.facebook.com\/miodyhuzar\/\" \/>\n<meta property=\"article:modified_time\" content=\"2025-11-03T10:23:59+00:00\" \/>\n<meta property=\"og:image\" content=\"https:\/\/miody-huzar.pl\/sklep\/wp-content\/uploads\/2023\/04\/Miody-Polskie-wielokwiatowy-400-BN.jpg\" \/>\n\t<meta property=\"og:image:width\" content=\"800\" \/>\n\t<meta property=\"og:image:height\" content=\"1000\" \/>\n\t<meta property=\"og:image:type\" content=\"image\/jpeg\" \/>\n<meta name=\"twitter:card\" content=\"summary_large_image\" \/>\n<meta name=\"twitter:label1\" content=\"Szacowany czas czytania\" \/>\n\t<meta name=\"twitter:data1\" content=\"1 minuta\" \/>\n<script type=\"application\/ld+json\" class=\"yoast-schema-graph\">{\"@context\":\"https:\/\/schema.org\",\"@graph\":[{\"@type\":\"WebPage\",\"@id\":\"https:\/\/miody-huzar.pl\/sklep\/produkt\/miod-nektarowy-wielokwiatowy-400-g\/\",\"url\":\"https:\/\/miody-huzar.pl\/sklep\/produkt\/miod-nektarowy-wielokwiatowy-400-g\/\",\"name\":\"Mi\u00f3d polski wielokwiatowy 400g - Sklep Miody Huzar\",\"isPartOf\":{\"@id\":\"https:\/\/miody-huzar.pl\/sklep\/#website\"},\"primaryImageOfPage\":{\"@id\":\"https:\/\/miody-huzar.pl\/sklep\/produkt\/miod-nektarowy-wielokwiatowy-400-g\/#primaryimage\"},\"image\":{\"@id\":\"https:\/\/miody-huzar.pl\/sklep\/produkt\/miod-nektarowy-wielokwiatowy-400-g\/#primaryimage\"},\"thumbnailUrl\":\"https:\/\/miody-huzar.pl\/sklep\/wp-content\/uploads\/2023\/04\/Miody-Polskie-wielokwiatowy-400-BN.jpg\",\"datePublished\":\"2023-04-19T08:36:33+00:00\",\"dateModified\":\"2025-11-03T10:23:59+00:00\",\"description\":\"Mi\u00f3d wielokwiatowy 400 g to ponadczasowy klasyk i ulubiony mi\u00f3d Polak\u00f3w. Wyr\u00f3\u017cnia go wyrazisty smak, kwiatowy aromat i z\u0142ota barwa.\",\"breadcrumb\":{\"@id\":\"https:\/\/miody-huzar.pl\/sklep\/produkt\/miod-nektarowy-wielokwiatowy-400-g\/#breadcrumb\"},\"inLanguage\":\"pl-PL\",\"potentialAction\":[{\"@type\":\"ReadAction\",\"target\":[\"https:\/\/miody-huzar.pl\/sklep\/produkt\/miod-nektarowy-wielokwiatowy-400-g\/\"]}]},{\"@type\":\"ImageObject\",\"inLanguage\":\"pl-PL\",\"@id\":\"https:\/\/miody-huzar.pl\/sklep\/produkt\/miod-nektarowy-wielokwiatowy-400-g\/#primaryimage\",\"url\":\"https:\/\/miody-huzar.pl\/sklep\/wp-content\/uploads\/2023\/04\/Miody-Polskie-wielokwiatowy-400-BN.jpg\",\"contentUrl\":\"https:\/\/miody-huzar.pl\/sklep\/wp-content\/uploads\/2023\/04\/Miody-Polskie-wielokwiatowy-400-BN.jpg\",\"width\":800,\"height\":1000},{\"@type\":\"BreadcrumbList\",\"@id\":\"https:\/\/miody-huzar.pl\/sklep\/produkt\/miod-nektarowy-wielokwiatowy-400-g\/#breadcrumb\",\"itemListElement\":[{\"@type\":\"ListItem\",\"position\":1,\"name\":\"Strona g\u0142\u00f3wna\",\"item\":\"https:\/\/miody-huzar.pl\/sklep\/\"},{\"@type\":\"ListItem\",\"position\":2,\"name\":\"Miody HUZAR\",\"item\":\"https:\/\/miody-huzar.pl\/sklep\/\"},{\"@type\":\"ListItem\",\"position\":3,\"name\":\"Mi\u00f3d polski wielokwiatowy 400g\"}]},{\"@type\":\"WebSite\",\"@id\":\"https:\/\/miody-huzar.pl\/sklep\/#website\",\"url\":\"https:\/\/miody-huzar.pl\/sklep\/\",\"name\":\"Sklep Miody Huzar\",\"description\":\"\",\"publisher\":{\"@id\":\"https:\/\/miody-huzar.pl\/sklep\/#organization\"},\"potentialAction\":[{\"@type\":\"SearchAction\",\"target\":{\"@type\":\"EntryPoint\",\"urlTemplate\":\"https:\/\/miody-huzar.pl\/sklep\/?s={search_term_string}\"},\"query-input\":{\"@type\":\"PropertyValueSpecification\",\"valueRequired\":true,\"valueName\":\"search_term_string\"}}],\"inLanguage\":\"pl-PL\"},{\"@type\":\"Organization\",\"@id\":\"https:\/\/miody-huzar.pl\/sklep\/#organization\",\"name\":\"Huzar Sp. z o.o.\",\"url\":\"https:\/\/miody-huzar.pl\/sklep\/\",\"logo\":{\"@type\":\"ImageObject\",\"inLanguage\":\"pl-PL\",\"@id\":\"https:\/\/miody-huzar.pl\/sklep\/#\/schema\/logo\/image\/\",\"url\":\"https:\/\/miody-huzar.pl\/sklep\/wp-content\/uploads\/2026\/02\/cropped-logo-Huzar-33.png\",\"contentUrl\":\"https:\/\/miody-huzar.pl\/sklep\/wp-content\/uploads\/2026\/02\/cropped-logo-Huzar-33.png\",\"width\":1826,\"height\":342,\"caption\":\"Huzar Sp. z o.o.\"},\"image\":{\"@id\":\"https:\/\/miody-huzar.pl\/sklep\/#\/schema\/logo\/image\/\"},\"sameAs\":[\"https:\/\/www.facebook.com\/miodyhuzar\/\",\"https:\/\/www.instagram.com\/miodyhuzar\/\",\"https:\/\/www.linkedin.com\/company\/miody-huzar\/\"]}]}<\/script>\n<!-- \/ Yoast SEO plugin. -->","yoast_head_json":{"title":"Mi\u00f3d polski wielokwiatowy 400g - Sklep Miody Huzar","description":"Mi\u00f3d wielokwiatowy 400 g to ponadczasowy klasyk i ulubiony mi\u00f3d Polak\u00f3w. Wyr\u00f3\u017cnia go wyrazisty smak, kwiatowy aromat i z\u0142ota barwa.","robots":{"index":"index","follow":"follow","max-snippet":"max-snippet:-1","max-image-preview":"max-image-preview:large","max-video-preview":"max-video-preview:-1"},"canonical":"https:\/\/miody-huzar.pl\/sklep\/produkt\/miod-nektarowy-wielokwiatowy-400-g\/","og_locale":"pl_PL","og_type":"article","og_title":"Mi\u00f3d polski wielokwiatowy 400g - Sklep Miody Huzar","og_description":"Mi\u00f3d wielokwiatowy 400 g to ponadczasowy klasyk i ulubiony mi\u00f3d Polak\u00f3w. Wyr\u00f3\u017cnia go wyrazisty smak, kwiatowy aromat i z\u0142ota barwa.","og_url":"https:\/\/miody-huzar.pl\/sklep\/produkt\/miod-nektarowy-wielokwiatowy-400-g\/","og_site_name":"Sklep Miody Huzar","article_publisher":"https:\/\/www.facebook.com\/miodyhuzar\/","article_modified_time":"2025-11-03T10:23:59+00:00","og_image":[{"width":800,"height":1000,"url":"https:\/\/miody-huzar.pl\/sklep\/wp-content\/uploads\/2023\/04\/Miody-Polskie-wielokwiatowy-400-BN.jpg","type":"image\/jpeg"}],"twitter_card":"summary_large_image","twitter_misc":{"Szacowany czas czytania":"1 minuta"},"schema":{"@context":"https:\/\/schema.org","@graph":[{"@type":"WebPage","@id":"https:\/\/miody-huzar.pl\/sklep\/produkt\/miod-nektarowy-wielokwiatowy-400-g\/","url":"https:\/\/miody-huzar.pl\/sklep\/produkt\/miod-nektarowy-wielokwiatowy-400-g\/","name":"Mi\u00f3d polski wielokwiatowy 400g - Sklep Miody Huzar","isPartOf":{"@id":"https:\/\/miody-huzar.pl\/sklep\/#website"},"primaryImageOfPage":{"@id":"https:\/\/miody-huzar.pl\/sklep\/produkt\/miod-nektarowy-wielokwiatowy-400-g\/#primaryimage"},"image":{"@id":"https:\/\/miody-huzar.pl\/sklep\/produkt\/miod-nektarowy-wielokwiatowy-400-g\/#primaryimage"},"thumbnailUrl":"https:\/\/miody-huzar.pl\/sklep\/wp-content\/uploads\/2023\/04\/Miody-Polskie-wielokwiatowy-400-BN.jpg","datePublished":"2023-04-19T08:36:33+00:00","dateModified":"2025-11-03T10:23:59+00:00","description":"Mi\u00f3d wielokwiatowy 400 g to ponadczasowy klasyk i ulubiony mi\u00f3d Polak\u00f3w. Wyr\u00f3\u017cnia go wyrazisty smak, kwiatowy aromat i z\u0142ota barwa.","breadcrumb":{"@id":"https:\/\/miody-huzar.pl\/sklep\/produkt\/miod-nektarowy-wielokwiatowy-400-g\/#breadcrumb"},"inLanguage":"pl-PL","potentialAction":[{"@type":"ReadAction","target":["https:\/\/miody-huzar.pl\/sklep\/produkt\/miod-nektarowy-wielokwiatowy-400-g\/"]}]},{"@type":"ImageObject","inLanguage":"pl-PL","@id":"https:\/\/miody-huzar.pl\/sklep\/produkt\/miod-nektarowy-wielokwiatowy-400-g\/#primaryimage","url":"https:\/\/miody-huzar.pl\/sklep\/wp-content\/uploads\/2023\/04\/Miody-Polskie-wielokwiatowy-400-BN.jpg","contentUrl":"https:\/\/miody-huzar.pl\/sklep\/wp-content\/uploads\/2023\/04\/Miody-Polskie-wielokwiatowy-400-BN.jpg","width":800,"height":1000},{"@type":"BreadcrumbList","@id":"https:\/\/miody-huzar.pl\/sklep\/produkt\/miod-nektarowy-wielokwiatowy-400-g\/#breadcrumb","itemListElement":[{"@type":"ListItem","position":1,"name":"Strona g\u0142\u00f3wna","item":"https:\/\/miody-huzar.pl\/sklep\/"},{"@type":"ListItem","position":2,"name":"Miody HUZAR","item":"https:\/\/miody-huzar.pl\/sklep\/"},{"@type":"ListItem","position":3,"name":"Mi\u00f3d polski wielokwiatowy 400g"}]},{"@type":"WebSite","@id":"https:\/\/miody-huzar.pl\/sklep\/#website","url":"https:\/\/miody-huzar.pl\/sklep\/","name":"Sklep Miody Huzar","description":"","publisher":{"@id":"https:\/\/miody-huzar.pl\/sklep\/#organization"},"potentialAction":[{"@type":"SearchAction","target":{"@type":"EntryPoint","urlTemplate":"https:\/\/miody-huzar.pl\/sklep\/?s={search_term_string}"},"query-input":{"@type":"PropertyValueSpecification","valueRequired":true,"valueName":"search_term_string"}}],"inLanguage":"pl-PL"},{"@type":"Organization","@id":"https:\/\/miody-huzar.pl\/sklep\/#organization","name":"Huzar Sp. z o.o.","url":"https:\/\/miody-huzar.pl\/sklep\/","logo":{"@type":"ImageObject","inLanguage":"pl-PL","@id":"https:\/\/miody-huzar.pl\/sklep\/#\/schema\/logo\/image\/","url":"https:\/\/miody-huzar.pl\/sklep\/wp-content\/uploads\/2026\/02\/cropped-logo-Huzar-33.png","contentUrl":"https:\/\/miody-huzar.pl\/sklep\/wp-content\/uploads\/2026\/02\/cropped-logo-Huzar-33.png","width":1826,"height":342,"caption":"Huzar Sp. z o.o."},"image":{"@id":"https:\/\/miody-huzar.pl\/sklep\/#\/schema\/logo\/image\/"},"sameAs":["https:\/\/www.facebook.com\/miodyhuzar\/","https:\/\/www.instagram.com\/miodyhuzar\/","https:\/\/www.linkedin.com\/company\/miody-huzar\/"]}]}},"_links":{"self":[{"href":"https:\/\/miody-huzar.pl\/sklep\/wp-json\/wp\/v2\/product\/19","targetHints":{"allow":["GET"]}}],"collection":[{"href":"https:\/\/miody-huzar.pl\/sklep\/wp-json\/wp\/v2\/product"}],"about":[{"href":"https:\/\/miody-huzar.pl\/sklep\/wp-json\/wp\/v2\/types\/product"}],"wp:featuredmedia":[{"embeddable":true,"href":"https:\/\/miody-huzar.pl\/sklep\/wp-json\/wp\/v2\/media\/1018"}],"wp:attachment":[{"href":"https:\/\/miody-huzar.pl\/sklep\/wp-json\/wp\/v2\/media?parent=19"}],"wp:term":[{"taxonomy":"product_brand","embeddable":true,"href":"https:\/\/miody-huzar.pl\/sklep\/wp-json\/wp\/v2\/product_brand?post=19"},{"taxonomy":"product_cat","embeddable":true,"href":"https:\/\/miody-huzar.pl\/sklep\/wp-json\/wp\/v2\/product_cat?post=19"},{"taxonomy":"product_tag","embeddable":true,"href":"https:\/\/miody-huzar.pl\/sklep\/wp-json\/wp\/v2\/product_tag?post=19"}],"curies":[{"name":"wp","href":"https:\/\/api.w.org\/{rel}","templated":true}]}}